
-9
Let u = 5 + -21. Let n be u/6*(-54)/(-24). Let d(b) = -4*b**2 + b**2 - 8 + 4*b + 3*b**2 + b**2. Calculate d(n).
4
Suppose 18 = 3*z + 3*z. Let d(b) = 3 + 0*b**2 + 0*b**3 + z*b**2 - 4*b**3 - 3*b + 0*b**3. Give d(2).
-23
Let n(s) = s**2 + 12*s + 8. Let t(c) = -14*c - 529. Let v be t(-37). Determine n(v).
-3
Let b(k) = k**2. Let a = 23 - 29. Let t(n) = -7*n**2 + 6. Let q(w) = a*b(w) - t(w). Determine q(0).
-6
Let m(a) = a**2 + 2*a. Suppose -2 - 22 = -4*v. Let x(o) = 6*o**2 - 5*o + 13. Let n(q) = 7*q**2 - 4*q + 12. Let r(h) = v*x(h) - 5*n(h). Let u be r(8). Give m(u).
8
Let v(o) be the first derivative of -o - 5 + 1/2*o**2. What is v(1)?
0
Let j(x) be the first derivative of -2*x - 6 + 5/2*x**2. Let n be j(1). Let g(w) = -w**3 + 3*w**2 - 3*w + 3. What is g(n)?
-6
Let d(v) = -v**2 + 5*v + 13. Let p(h) = h**2 - 5*h - 14. Let q(o) = 7*d(o) + 6*p(o). Let y(f) = f + 17. Let r be y(-11). Determine q(r).
1
Suppose -2 = k - 4*p + 3, 6 = 3*p. Let d(t) = t**3 - 3*t**2 - 2*t + 1. Give d(k).
-5
Let g(n) be the second derivative of -n**3/2 - 6*n**2 + 11*n. Let v(b) = b + 4. Let x(j) = -4*g(j) - 11*v(j). Determine x(6).
10
Let g(d) be the first derivative of d**6/360 - 7*d**5/120 - d**4/12 + 20*d**3/3 - 29. Let x(s) be the third derivative of g(s). Give x(6).
-8
Let t be 0 - 2 - (-10 + 1). Suppose t*y - 10 = 2*y, 0 = -5*s - 2*y + 9. Let z(a) = -a**3 + 2 + 14*a - 3 - 12*a - a**2. Determine z(s).
-1
Let q = 39 - 49. Let b be 18/q*(-40)/12. Let g(y) = -y**3 + 6*y**2 + 2*y - 8. Determine g(b).
4
Let i(l) = -l**2 - l - 1. Let c(j) = 4*j**2 + 51*j - 2*j**2 + 6 - 49*j. Let x(q) = c(q) + 3*i(q). Determine x(0).
3
Let c(d) = d**3 + 3*d**2 - 12*d**3 - 2 + 4*d**3 + 3*d**3 + 3*d**3 + 6*d. Suppose 0 = 3*a - 2 - 10. What is c(a)?
6
Let v(k) = -k**2 + 3*k - 2. Let p be v(1). Let j(f) be the first derivative of -f**4/4 + f**3/3 - 5*f + 21. Give j(p).
-5
Let i(w) be the second derivative of -3*w**5/20 + w**4/12 + w**3/3 + w**2/2 + 6*w + 2. What is i(2)?
-15
Let h = -359 - -352. Let j(x) = 2*x - 1. Give j(h).
-15
Let v be ((-1 - -5)/4)/((-1)/(-2)). Let b(x) = 6*x**v - 2 - 2*x**2 + 3 + x**3 + 2 + 5*x. What is b(-3)?
-3
Let j(m) = -m**3 - 6*m**2 + 6*m - 7. Let q(k) = -k**3 + 3*k**2 - 2*k - 7. Let g be q(0). Calculate j(g).
0
Let x(h) = -h**2 + 3*h - 1. Suppose 0*b = -2*b + 30. Suppose 5*k = -0*k + b. Calculate x(k).
-1
Let j(h) = -4*h - 2. Let g be (-2 + 1 + -4)*-2. Let q = g - 13. What is j(q)?
10
Let c be (7 + -1)/3 + 1. Let p(n) be the second derivative of n**5/20 - 5*n**4/12 + 5*n**3/6 - n**2 - 36*n. Calculate p(c).
-5
Let u = 355 + -345. Let n(j) = -j**3 + 12*j**2 - 21*j + 9. What is n(u)?
-1
Let c = 2005 - 2012. Let t(l) be the third derivative of l**4/24 + 3*l**3/2 - l**2. Determine t(c).
2
Let m(f) be the second derivative of -9*f**3/2 - 3*f**2/2 + 18*f + 1. Calculate m(-2).
51
Let h(a) = -a**3 + 8*a**2 - 9*a + 12. Let z(j) = j**2 + 26*j - 265. Let q be z(-34). What is h(q)?
-2
Let z(l) = l + 20. Let q be z(-17). Let k(c) = 5*c - 14. Let y be k(q). Let w(p) = -10*p**2 + p - 1. Determine w(y).
-10
Let a(u) be the second derivative of 1/2*u**3 + 0 - 2*u + 0*u**2. What is a(-4)?
-12
Let n(i) = 2*i + 9. Suppose 13 = -v - 8. Let d be 18/v*(13 - 6). Determine n(d).
-3
Let h(a) be the third derivative of a**6/120 - a**5/12 + 5*a**4/24 - a**3/2 + a**2. Suppose -6 = -2*q + 3*g, -q = 7*g - 5*g - 3. Give h(q).
-6
Let a be 3/((-9)/6)*-1. Let o = -115 + 121. Let r(c) = c - a + 0 + o. Give r(3).
7
Let q(k) = k**2 - 2*k - 1. Let d = -474 + 477. Give q(d).
2
Let v(d) = -5*d**3 + 3*d**2 - d + 6. Let f(c) = 22*c**3 - 11*c**2 + 3*c - 25. Let p(z) = 2*f(z) + 9*v(z). Determine p(5).
-11
Let m(y) = -16*y**3 - 3*y**2 - y. Let r be m(-1). Let k(s) = -s**3 + 15*s**2 - 13*s - 20. Determine k(r).
-6
Suppose 0 = -4*z + 3*r - 13, -2 + 7 = -2*z + 3*r. Let s = z - -4. Let m(w) = 3*w + s*w + 2*w - 3 - 4*w. Determine m(6).
3
Let s be 2597/(-637) + (-2)/(-26). Let z(m) = m**2 + 4*m + 2. Calculate z(s).
2
Let n(g) = -4*g**2 - g**2 + 4*g**2 - 1 + 7*g**2 - g**3. Let y be -2 + (3 - -3) + -4. Suppose 28 = 3*o + 2*b - y*b, 4*o + 2*b = 34. Determine n(o).
-1
Let t(b) be the first derivative of -b**6/360 + b**5/40 - b**4/24 - 3*b**3 - 15. Let j(f) be the third derivative of t(f). Give j(3).
-1
Let d(f) = -f**3 + 5*f**2 - 5*f - 3. Let h be (2/(-3))/((-6)/135). Let b be (-10)/(-1)*(-18)/h. Let g = -8 - b. Determine d(g).
-7
Let g(a) be the third derivative of -a**4/12 - 3*a**3/2 - 20*a**2 - 2*a. What is g(-6)?
3
Let c(r) = -3*r**3 + 4*r**2 + 3*r - 7. Let h(j) = -4*j**3 + 6*j**2 + 4*j - 10. Let o(n) = -7*c(n) + 5*h(n). Let v be (-1 - 1)/((-14)/(-21)). Calculate o(v).
-7
Let y = 2 + 2. Suppose -4*t = v - 23, 5*v = 5*t + y*v - 22. Let n(c) = c - 1. Calculate n(t).
4
Let y(b) = -b**2 - b**2 - 2 + 5*b + b**2. Suppose 8*q - 13*q + 25 = 0. Give y(q).
-2
Let z = 12 - 8. Let f(n) = 3*n**3 + 7*n**2 + 6*n + 2. Let w(h) = -h**3 - h**2 + 1. Let d(g) = z*w(g) + f(g). Determine d(5).
-14
Let g(p) = -3*p**2 - 70*p - 23. Let i be g(-23). Let t(l) be the third derivative of 0 + i*l - 3/2*l**3 - 1/24*l**4 - l**2. What is t(-4)?
-5
Let z(l) = -6*l + 10. Let h(b) = 3*b - 5. Let v(y) = -7*h(y) - 3*z(y). Calculate v(3).
-4
Let b(x) = -7 - 3*x - 1 + 0. Let q(n) = -n**3 - 20*n**2 + n + 23. Let a be q(-20). Let h be a/(-4 + 1 + (-5)/(-2)). What is b(h)?
10
Suppose 2*r + 15 = -r. Let h(v) = 16*v - 10. Let k(j) = 3*j - 2. Let f(t) = -h(t) + 5*k(t). Give f(r).
5
Let b(n) = n + 7. Let t be b(-5). Let l be 28/(-56) + 7/t. Let g(u) = -u + 4. Calculate g(l).
1
Let m(q) = -4*q - q**2 - 1 + 2*q**2 + 2. Suppose 2*g = -s + 15, 4*s + g = s + 15. What is m(s)?
-2
Suppose u = -4*v - 12, -2*u - 2*u + 2*v + 6 = 0. Suppose u = 2*q - 6 + 10. Let l be 110/66*6/q. Let j(g) = -g**3 - 3*g**2 + 7*g - 2. Give j(l).
13
Suppose -28 = -2*b - 4*c, 3*b = 4*b - 5*c - 7. Suppose -2*v = -3*z - 27, v + 20 = -5*z - b. Let w(o) = -o**2 - 7*o - 7. Calculate w(z).
-7
Let f(h) = 87*h - 335. Let w be f(4). Let i(m) = -m**2 + 14*m - 23. What is i(w)?
-10
Let j(s) = -s**2 + 7*s - 7. Let b be j(4). Let v(m) = -31 - b*m + 13 + 19. Determine v(3).
-14
Let o(x) be the third derivative of x**5/12 - x**4/4 - x**3/2 + x**2 + 416*x. Calculate o(3).
24
Let p be ((-117)/27 - -7) + 2/(-3). Let g(d) = -d**2 + 3*d - 3. Give g(p).
-1
Let q(a) be the first derivative of -a**3/3 + 2*a**2 - 2*a - 106. Give q(5).
-7
Suppose 0*x = -5*x + 4*x. Let g(b) be the third derivative of 1/24*b**4 - 1/3*b**3 - b**2 + x + 0*b. Calculate g(-3).
-5
Let s(j) be the first derivative of j**3/3 + 15*j**2/2 - 738. Determine s(-12).
-36
Let h(y) = -y**2 - 9*y + 8. Let p(o) = -o**3 + 9*o**2 + o - 23. Let m be p(9). Let a be (m/56)/(1/28). What is h(a)?
22
Let t(l) = -l**3 + 4*l**2 + 4*l + 14. Let h(r) = -r**2 - r - 3. Let n(u) = -9*h(u) - 2*t(u). Determine n(1).
3
Let k(n) = -16*n**2 + 3*n + 2. Let u(w) = 17*w**2 - 4*w - 3. Let p(a) = -4*k(a) - 3*u(a). Let m = 15 + -19. Let j be (-2)/((-2)/m*4). Give p(j).
14
Let s(o) = -o**3 - 3*o**2 + 4*o - 1. Let d = -23 - -18. Let m(h) = h**3 + 6*h**2 + 5*h + 3. Let z be m(d). Let j be (16/12)/((-1)/z). Determine s(j).
-1
Let h(b) = -11*b**3 + 5*b**2 + 9*b + 5. Let l(c) = -17*c**3 + 8*c**2 + 14*c + 8. Let g be ((-80)/(3 + 2))/2. Let m(i) = g*h(i) + 5*l(i). Calculate m(-2).
-20
Let l(b) = -7*b + 23. Let a be l(4). Let k(s) = 3*s + 6. Calculate k(a).
-9
Let v = 3 + -1. Suppose 2*l + 0 = 6. Let q(t) = -2*t - 3 + 0 + l. Give q(v).
-4
Suppose 0 = -g - 2*g. Suppose g = 5*d - z - 2, 0*z = 2*z - 6. Let u(q) = -3*q**2 - q + 1. Calculate u(d).
-3
Let z(c) = 5*c**3 - 8*c + 5. Let o(j) = -4*j**3 - j**2 + 7*j - 4. Let l(k) = 4*o(k) + 3*z(k). Let r be ((-2)/3)/(4/30). What is l(r)?
4
Let w(c) = c**2 - 6*c - 6. Let f be w(7). Let m(k) = -76*k + 74*k + f + 1 + 4*k**2 + k**3. Let t = 8 - 12. What is m(t)?
10
Let u(l) = l**2 - 6*l + 6. Let d be u(5). Let q be ((-8)/(-12))/(d/3). Let h(z) = 2*z - 1. Calculate h(q).
3
Let i(w) = -w**2 + 28*w + 161. Let j be i(33). Let c(t) = t**2 + 7*t + 8. Determine c(j).
-4
Let p(h) = -h**3 - h + 1. Let g(j) = j**2 + 5*j - 5. Let q(i) = g(i) + 4*p(i). Let v be q(1). Let o(n) = n**3 + 3*n**2 + 2*n + 2. Give o(v).
-4
Suppose -14 = -3*x + 2*q, 5*x + 12 = -5*q + 52. Let p(o) = -o + 5. Let s(n) = -2*n + 10. Let a(v) = x*s(v) - 11*p(v). Determine a(4).
1
Let l(w) =